n factor of 1068478 and 974.
974
What is the greatest common factor of 6 and 342125559?
3
What is the greatest common divisor of 33 and 21861026?
11
Calculate the greatest common divisor of 5058 and 93864678.
1686
Calculate the highest common divisor of 1563016 and 35.
7
Calculate the highest common divisor of 2334 and 11746633.
389
What is the highest common divisor of 1364873 and 1134295?
3719
Calculate the highest common divisor of 60549995 and 1375.
55
Calculate the greatest common factor of 153 and 49795227.
153
Calculate the greatest common divisor of 79647 and 536262.
417
What is the highest common divisor of 2682 and 687933?
1341
What is the highest common divisor of 16410 and 27899735?
2735
What is the greatest common divisor of 13950 and 23601850?
1550
What is the highest common divisor of 47274950 and 39950?
2350
Calculate the highest common factor of 798 and 2404640.
266
Calculate the greatest common divisor of 36 and 5118777.
9
Calculate the highest common divisor of 2225362 and 9558.
118
What is the highest common factor of 271578 and 26214?
6
What is the highest common divisor of 2144565786 and 913?
913
Calculate the greatest common divisor of 288 and 142429088.
32
Calculate the highest common factor of 1989442672 and 9184.
4592
What is the highest common divisor of 30 and 83752395?
15
What is the greatest common divisor of 13428 and 6412616?
1492
What is the greatest common divisor of 9088 and 497408?
128
What is the greatest common factor of 3443259 and 2?
1
What is the highest common divisor of 22 and 313153214?
22
Calculate the greatest common factor of 3945 and 20290450.
1315
What is the greatest common divisor of 81 and 3057696?
27
What is the highest common factor of 63 and 1198239?
21
Calculate the greatest common divisor of 206679632 and 185.
37
What is the greatest common factor of 10692379 and 53?
53
Calculate the highest common factor of 547252 and 256.
4
What is the highest common divisor of 1036020 and 4836?
372
What is the greatest common divisor of 465 and 8675474?
31
What is the highest common divisor of 9425 and 73127275?
325
Calculate the highest common divisor of 44764 and 99339980.
1444
What is the greatest common factor of 3230 and 118626?
34
Calculate the highest common factor of 4040 and 180292070.
1010
Calculate the highest common factor of 8415 and 30557835.
495
Calculate the greatest common factor of 28917414 and 144.
18
Calculate the greatest common divisor of 99135 and 23040.
45
Calculate the greatest common factor of 489742 and 253.
11
Calculate the greatest common divisor of 55 and 2157715.
5
Calculate the highest common factor of 668 and 34270237.
167
What is the greatest common factor of 30 and 14776690?
10
Calculate the highest common factor of 1923114 and 60199.
1627
What is the highest common factor of 11301 and 5721?
3
Calculate the highest common factor of 7846792 and 102.
34
What is the highest common divisor of 9095 and 375547?
17
What is the highest common divisor of 42861 and 61815453?
3297
Calculate the highest common factor of 3813654975 and 195.
195
Calculate the highest common factor of 77627 and 54857.
11
What is the greatest common factor of 91614989 and 51?
17
Calculate the greatest common factor of 231333916 and 3663.
407
Calculate the highest common divisor of 1348 and 77169967.
337
Calculate the greatest common factor of 4560684 and 17596.
332
What is the highest common factor of 12519528 and 168?
168
Calculate the highest common divisor of 25400 and 564300.
100
What is the highest common factor of 30726598 and 28?
14
What is the greatest common divisor of 81773977 and 244?
61
Calculate the highest common factor of 370342 and 784.
98
What is the highest common divisor of 13452 and 91257?
57
Calculate the greatest common divisor of 65 and 29014985.
5
What is the greatest common factor of 276660 and 84?
12
What is the highest common divisor of 8348772 and 37365?
159
What is the highest common divisor of 907725 and 265905?
285
Calculate the greatest common divisor of 7324 and 235504.
4
Calculate the greatest common factor of 2241 and 2763319.
83
Calculate the greatest common divisor of 23560 and 2388395.
2945
What is the highest common divisor of 23422 and 173036?
478
Calculate the highest common divisor of 3165864 and 7884.
876
What is the greatest common divisor of 120 and 46968360?
120
Calculate the highest common divisor of 3019955 and 57.
19
Calculate the highest common divisor of 6232 and 1742657276.
3116
What is the greatest common factor of 6334856 and 7194?
22
What is the highest common factor of 2608 and 3686614032?
2608
Calculate the highest common factor of 435 and 5170700.
145
Calculate the greatest common divisor of 26620108 and 299.
23
Calculate the greatest common divisor of 3337 and 1135511023.
3337
Calculate the greatest common divisor of 1485 and 2566377.
297
Calculate the highest common divisor of 1015 and 6520070.
145
Calculate the greatest common divisor of 10725 and 330997095.
2145
What is the greatest common factor of 51029379 and 4428?
1107
What is the greatest common factor of 34 and 15433688?
34
What is the highest common factor of 3813218 and 583598?
5666
What is the greatest common divisor of 4 and 533418812?
4
Calculate the highest common factor of 35738 and 543418.
334
Calculate the highest common factor of 630 and 18513.
9
What is the highest common factor of 378238 and 40782?
14
What is the highest common divisor of 244663 and 145396?
163
What is the highest common divisor of 69317614 and 4724?
2362
Calculate the highest common divisor of 4442 and 117866249.
2221
What is the greatest common factor of 82785213 and 21?
21
What is the greatest common factor of 35154 and 1075018?
434
What is the greatest common divisor of 1011714715 and 2585?
2585
What is the highest common factor of 1444419368 and 266?
266
Calculate the greatest common factor of 34 and 363346.
2
Calculate the highest common factor of 198478 and 714.
14
Calculate the greatest common factor of 507 and 21987927.
39
Calculate the highest common factor of 26 and 162009926.
26
Calculate the greatest common factor of 133358582 and 10360.
518
Calculate the highest common divisor of 8162 and 58023.
7
Calculate the greatest common factor of 565636 and 5371.
41
Calculate the greatest common factor of 376 and 54648122.
94
Calculate the greatest common factor of 614 and 5149759834.
614
Calculate the highest common factor of 42577723 and 47.
47
Calculate the highest common factor of 8760 and 1886772.
12
Calculate the greatest common divisor of 51597200 and 1720.
40
Calculate the highest common factor of 413 and 260721.
59
Calculate the greatest common factor of 108 and 838107324.
108
What is the greatest common factor of 17 and 6840817?
17
Calculate the highest common factor of 539 and 2739352.
77
What is the greatest common factor of 6230232 and 2196?
36
Calculate the greatest common divisor of 142758 and 157234.
154
Calculate the greatest common factor of 2175 and 9540825.
75
Calculate the highest common divisor of 212184 and 4176.
72
Calculate the greatest common factor of 47220 and 10940.
20
What is the highest common divisor of 3728091 and 279?
93
What is the greatest common divisor of 2059 and 25578957?
2059
What is the greatest common divisor of 69125 and 515165?
35
What is the highest common factor of 189647 and 20?
1
What is the greatest common divisor of 1560 and 222288560?
520
Calculate the highest common divisor of 6115816 and 616.
56
What is the highest common divisor of 359546418 and 99?
99
What is the highest common divisor of 37404931 and 11053?
1579
Calculate the greatest common divisor of 192 and 29271084.
12
Calculate the greatest common divisor of 124982900 and 136640.
8540
What is the greatest common factor of 284 and 9833642?
142
What is the highest common divisor of 4904 and 146424?
8
What is the greatest common factor of 23244543 and 63?
63
What is the greatest common divisor of 2615 and 77615292?
523
Calculate the greatest common divisor of 6 and 6005894.
2
Calculate the highest common divisor of 985096 and 28469.
343
What is the highest common factor of 31793820 and 2760?
1380
What is the highest common factor of 452500 and 5723220?
3620
What is the highest common fac